{"id":1802,"date":"2023-08-25T13:28:13","date_gmt":"2023-08-25T12:28:13","guid":{"rendered":"https:\/\/heinesen.fo\/?page_id=1802"},"modified":"2023-10-27T13:33:08","modified_gmt":"2023-10-27T12:33:08","slug":"eitt-vaelumtokt-lag","status":"publish","type":"page","link":"https:\/\/heinesen.fo\/index.php\/eitt-vaelumtokt-lag\/","title":{"rendered":"EITT V\u00c6LUMT\u00d3KT LAG"},"content":{"rendered":"<h3>EITT D\u00ddPI AV D\u00ddRARI T\u00cd\u00d0<\/h3>\n<p>Hetta er heiti\u00f0 \u00e1 einum av best umt\u00f8ktu l\u00f8gunum hj\u00e1 Elini vi\u00f0 or\u00f0um eftir p\u00e1pa hennara, Jens Paula Heinesen. Lagi\u00f0 hevur vunni\u00f0 altj\u00f3\u00f0a vi\u00f0urkenning.<\/p>\n<p>Ta\u00f0 eru tv\u00e6r \u00fatg\u00e1vur av lagnum &#8211; tann upprunaliga \u00far NALJA-\u00fatg\u00e1vuni, sum kom \u00fat \u00ed 1988 og ein seinni \u00fatg\u00e1va fr\u00e1 2002, innsp\u00e6ld vi\u00f0 the City of Prague Philharmonic Orchestra og T\u00f3rshavnar Mansk\u00f3ri, \u00fatsett av danska skaldinum S\u00f8ren Hyldgaard, sum \u00ed dag man vera tann mest kenda.<\/p>\n<p>Lurta eftir upprunaligu NALJA-\u00fatg\u00e1vuni her:<\/p>\n<audio class=\"wp-audio-shortcode\" id=\"audio-1802-1\" preload=\"none\" style=\"width: 100%;\" controls=\"controls\"><source type=\"audio\/mpeg\" src=\"https:\/\/heinesen.fo\/wp-content\/uploads\/2023\/08\/05-Eitt-Dypi-Av-Dyrari-Tid.mp3?_=1\" \/><a href=\"https:\/\/heinesen.fo\/wp-content\/uploads\/2023\/08\/05-Eitt-Dypi-Av-Dyrari-Tid.mp3\">https:\/\/heinesen.fo\/wp-content\/uploads\/2023\/08\/05-Eitt-Dypi-Av-Dyrari-Tid.mp3<\/a><\/audio>\n<p>Lurta eftir n\u00fdggjaru symfonisku \u00fatg\u00e1vuni her:<\/p>\n<audio class=\"wp-audio-shortcode\" id=\"audio-1802-2\" preload=\"none\" style=\"width: 100%;\" controls=\"controls\"><source type=\"audio\/mpeg\" src=\"https:\/\/heinesen.fo\/wp-content\/uploads\/2023\/08\/Eitt_dypi_av_dyrari_tid.mp3?_=2\" \/><a href=\"https:\/\/heinesen.fo\/wp-content\/uploads\/2023\/08\/Eitt_dypi_av_dyrari_tid.mp3\">https:\/\/heinesen.fo\/wp-content\/uploads\/2023\/08\/Eitt_dypi_av_dyrari_tid.mp3<\/a><\/audio>\n<p>Hygg at Elini sp\u00e6la lagi\u00f0 live \u00ed akustiskari \u00fatg\u00e1vu her:<\/p>\n<p style=\"text-align: center;\"><iframe loading=\"lazy\" title=\"YouTube video player\" src=\"https:\/\/www.youtube.com\/embed\/lZGfI3_hLhg?si=irf2JvJWpDLf5a6Q&amp;start=36\" width=\"853\" height=\"480\" frameborder=\"0\" allowfullscreen=\"allowfullscreen\" data-mce-fragment=\"1\"><\/iframe><\/p>\n<p>Sangurin er eisini at finna \u00e1 lj\u00f3\u00f0s\u00ed\u00f0uni til hetta sj\u00f3nbandi\u00f0 vi\u00f0 heitinum &#8220;Where Nature Rules&#8221;:<\/p>\n<p><center><iframe loading=\"lazy\" title=\"YouTube video player\" src=\"https:\/\/www.youtube.com\/embed\/Nd-vBF2-mIo?si=wyVSIoWKQIdi_Ie0\" width=\"700\" height=\"450\" frameborder=\"0\" allowfullscreen=\"allowfullscreen\"><\/iframe><\/center><\/p>\n","protected":false},"excerpt":{"rendered":"<p>EITT D\u00ddPI AV D\u00ddRARI T\u00cd\u00d0 Hetta er heiti\u00f0 \u00e1 einum av best umt\u00f8ktu l\u00f8gunum hj\u00e1 Elini vi\u00f0 or\u00f0um eftir p\u00e1pa hennara, Jens Paula Heinesen. Lagi\u00f0 hevur vunni\u00f0 altj\u00f3\u00f0a vi\u00f0urkenning. Ta\u00f0 eru tv\u00e6r \u00fatg\u00e1vur av lagnum &#8211; tann upprunaliga \u00far NALJA-\u00fatg\u00e1vuni, sum kom \u00fat \u00ed 1988 og ein seinni \u00fatg\u00e1va fr\u00e1 2002, innsp\u00e6ld vi\u00f0 the City&hellip;<\/p>\n","protected":false},"author":1,"featured_media":1675,"parent":0,"menu_order":0,"comment_status":"closed","ping_status":"closed","template":"","meta":{"footnotes":""},"class_list":["post-1802","page","type-page","status-publish","format-standard","has-post-thumbnail","hentry"],"_links":{"self":[{"href":"https:\/\/heinesen.fo\/index.php\/wp-json\/wp\/v2\/pages\/1802","targetHints":{"allow":["GET"]}}],"collection":[{"href":"https:\/\/heinesen.fo\/index.php\/wp-json\/wp\/v2\/pages"}],"about":[{"href":"https:\/\/heinesen.fo\/index.php\/wp-json\/wp\/v2\/types\/page"}],"author":[{"embeddable":true,"href":"https:\/\/heinesen.fo\/index.php\/wp-json\/wp\/v2\/users\/1"}],"replies":[{"embeddable":true,"href":"https:\/\/heinesen.fo\/index.php\/wp-json\/wp\/v2\/comments?post=1802"}],"version-history":[{"count":9,"href":"https:\/\/heinesen.fo\/index.php\/wp-json\/wp\/v2\/pages\/1802\/revisions"}],"predecessor-version":[{"id":3295,"href":"https:\/\/heinesen.fo\/index.php\/wp-json\/wp\/v2\/pages\/1802\/revisions\/3295"}],"wp:featuredmedia":[{"embeddable":true,"href":"https:\/\/heinesen.fo\/index.php\/wp-json\/wp\/v2\/media\/1675"}],"wp:attachment":[{"href":"https:\/\/heinesen.fo\/index.php\/wp-json\/wp\/v2\/media?parent=1802"}],"curies":[{"name":"wp","href":"https:\/\/api.w.org\/{rel}","templated":true}]}}