{"id":1885,"date":"2023-08-28T11:41:52","date_gmt":"2023-08-28T10:41:52","guid":{"rendered":"https:\/\/heinesen.fo\/index.php\/eitt-vaelumtokt-lag\/eivor-faroe-islands-symphony-orchestra\/"},"modified":"2023-10-27T13:36:43","modified_gmt":"2023-10-27T12:36:43","slug":"eivor-foroya-symfoniorkestur","status":"publish","type":"page","link":"https:\/\/heinesen.fo\/index.php\/eitt-vaelumtokt-lag\/eivor-foroya-symfoniorkestur\/","title":{"rendered":"EIV\u00d8R OG F\u00d8ROYA SYMFONIORKESTUR"},"content":{"rendered":"<p>\u00cd januar 2013 framf\u00f8rdi F\u00f8roya Symfoniorkestur sangin <em>Eitt d\u00fdpi av d\u00fdrari t\u00ed\u00f0<\/em> vi\u00f0 kendu f\u00f8roysku songkvinnuni, Eiv\u00f8r, \u00e1 teirra n\u00fdggj\u00e1rskonsert. Framf\u00f8rslan var til hei\u00f0urs fyri rith\u00f8vundin, Jens Paula Heinesen s\u00e1la, sum j\u00fast hev\u00f0i havt 80 \u00e1ra f\u00f8\u00f0ingardag \u00ed november 2012. Hygg her:<\/p>\n<p><iframe loading=\"lazy\" src=\"https:\/\/www.youtube.com\/embed\/KmknXWCey2c\" width=\"853\" height=\"480\" frameborder=\"0\" allowfullscreen=\"allowfullscreen\" data-mce-fragment=\"1\"><\/iframe><\/p>\n<p>&nbsp;<\/p>\n","protected":false},"excerpt":{"rendered":"<p>\u00cd januar 2013 framf\u00f8rdi F\u00f8roya Symfoniorkestur sangin Eitt d\u00fdpi av d\u00fdrari t\u00ed\u00f0 vi\u00f0 kendu f\u00f8roysku songkvinnuni, Eiv\u00f8r, \u00e1 teirra n\u00fdggj\u00e1rskonsert. Framf\u00f8rslan var til hei\u00f0urs fyri rith\u00f8vundin, Jens Paula Heinesen s\u00e1la, sum j\u00fast hev\u00f0i havt 80 \u00e1ra f\u00f8\u00f0ingardag \u00ed november 2012. Hygg her: &nbsp;<\/p>\n","protected":false},"author":1,"featured_media":1675,"parent":1802,"menu_order":4,"comment_status":"closed","ping_status":"closed","template":"","meta":{"footnotes":""},"class_list":["post-1885","page","type-page","status-publish","format-standard","has-post-thumbnail","hentry"],"_links":{"self":[{"href":"https:\/\/heinesen.fo\/index.php\/wp-json\/wp\/v2\/pages\/1885","targetHints":{"allow":["GET"]}}],"collection":[{"href":"https:\/\/heinesen.fo\/index.php\/wp-json\/wp\/v2\/pages"}],"about":[{"href":"https:\/\/heinesen.fo\/index.php\/wp-json\/wp\/v2\/types\/page"}],"author":[{"embeddable":true,"href":"https:\/\/heinesen.fo\/index.php\/wp-json\/wp\/v2\/users\/1"}],"replies":[{"embeddable":true,"href":"https:\/\/heinesen.fo\/index.php\/wp-json\/wp\/v2\/comments?post=1885"}],"version-history":[{"count":3,"href":"https:\/\/heinesen.fo\/index.php\/wp-json\/wp\/v2\/pages\/1885\/revisions"}],"predecessor-version":[{"id":3300,"href":"https:\/\/heinesen.fo\/index.php\/wp-json\/wp\/v2\/pages\/1885\/revisions\/3300"}],"up":[{"embeddable":true,"href":"https:\/\/heinesen.fo\/index.php\/wp-json\/wp\/v2\/pages\/1802"}],"wp:featuredmedia":[{"embeddable":true,"href":"https:\/\/heinesen.fo\/index.php\/wp-json\/wp\/v2\/media\/1675"}],"wp:attachment":[{"href":"https:\/\/heinesen.fo\/index.php\/wp-json\/wp\/v2\/media?parent=1885"}],"curies":[{"name":"wp","href":"https:\/\/api.w.org\/{rel}","templated":true}]}}