{"id":1911,"date":"2023-08-31T10:56:17","date_gmt":"2023-08-31T09:56:17","guid":{"rendered":"https:\/\/heinesen.fo\/index.php\/biography\/1958-1970\/"},"modified":"2024-03-06T19:23:51","modified_gmt":"2024-03-06T19:23:51","slug":"1958-1970","status":"publish","type":"page","link":"https:\/\/heinesen.fo\/index.php\/tonleikayrkisleid\/1958-1970\/","title":{"rendered":"1958 &#8211; 1970"},"content":{"rendered":"<h3>T\u00d3NLEIKAUMHV\u00d8RVI<\/h3>\n<p>Foreldrini hj\u00e1 Elini d\u00e1mdu sera v\u00e6l klassiskan t\u00f3nleik eins v\u00e6l og svenskan f\u00f3lkat\u00f3nleik vi\u00f0 til d\u00f8mis Evert Taube og Sven Bertil Taube. Abbi Elina var kirkjusangari alt l\u00edvi\u00f0 og onnur \u00ed familjuni sungu eisini \u00ed k\u00f3ri. Morbr\u00f3\u00f0ir hennara Svenn Brimheim var ein kendur gittaristur. T\u00f3nleikurin \u00ed familjuni var sera n\u00f3gv partur av dagliga l\u00edvinum hj\u00e1 Elini gj\u00f8gnum allan barnd\u00f3min og hevur sj\u00e1lvsagt \u00e1virka\u00f0 hana n\u00f3gv.<\/p>\n<p><em>Her er Elin sum 4 \u00e1ra gomul, har hon syngur saman vi\u00f0 morbr\u00f3\u00f0uri s\u00ednum, Svenn Brimheim, mammu hennara Maud Heinesen, p\u00e1pa hennara Jens Paula Heinesen, og abbasystir hennara Onnu Arnesen:<\/em><\/p>\n<p style=\"text-align: center;\"><img loading=\"lazy\" decoding=\"async\" class=\"alignnone wp-image-137 size-full\" src=\"https:\/\/heinesen.fo\/wp-content\/uploads\/2023\/08\/heinesen.fo_.jpeg\" alt=\"\" width=\"600\" height=\"415\" srcset=\"https:\/\/heinesen.fo\/wp-content\/uploads\/2023\/08\/heinesen.fo_.jpeg 600w, https:\/\/heinesen.fo\/wp-content\/uploads\/2023\/08\/heinesen.fo_-300x208.jpeg 300w\" sizes=\"auto, (max-width: 600px) 100vw, 600px\" \/><\/p>\n<p>Men eisini tann sera livandi sangsi\u00f0venjan \u00ed F\u00f8royum, har Elin vaks upp, hevur \u00e1virka\u00f0 hana. F\u00f8royingar elska at hava veitslu og syngja saman. Hv\u00f8r l\u00edtil bygd hevur s\u00edtt egna k\u00f3r ella hornorkestur. Og T\u00f3rshavn hevur s\u00edtt egna symfoniorkestur, sum er eitt r\u00e6ttiliga st\u00f3rt avrik fyri ein so l\u00edtlan b\u00fd vi\u00f0 bara umlei\u00f0 20.000 \u00edb\u00fagvum.<\/p>\n<h3>\u00cd EINI SENDING FYRI B\u00d8RN<\/h3>\n<p>Fyrstu fer\u00f0 almenningurin nakrant\u00ed\u00f0 hoyrdi Elina syngja, var t\u00e1 hon bara var 6 \u00e1ra gomul. Hon sang ein f\u00f8royskan barnasang \u2013 &#8220;N\u00fa fiskur er \u00e1 grunninum&#8221; eftir Hans Andrias Djurhuus \u2013 \u00ed eini barnasending \u00ed \u00datvarpi F\u00f8roya. T\u00edverri er uppt\u00f8kan burturblivin.<\/p>\n<p><em>Her er Elin sum seks \u00e1ra gomul vi\u00f0 foreldrunum Jens Paula og Maud Heinesen \u00ed f\u00f8royskum kl\u00e6\u00f0um:<\/em><\/p>\n<p style=\"text-align: center;\"><img loading=\"lazy\" decoding=\"async\" class=\"alignnone size-large wp-image-1338\" src=\"https:\/\/heinesen.fo\/wp-content\/uploads\/2023\/09\/1964_JensPauli_Elin_MaudHeinesen-1024x809.jpg\" alt=\"\" width=\"1024\" height=\"809\" srcset=\"https:\/\/heinesen.fo\/wp-content\/uploads\/2023\/09\/1964_JensPauli_Elin_MaudHeinesen-1024x809.jpg 1024w, https:\/\/heinesen.fo\/wp-content\/uploads\/2023\/09\/1964_JensPauli_Elin_MaudHeinesen-300x237.jpg 300w, https:\/\/heinesen.fo\/wp-content\/uploads\/2023\/09\/1964_JensPauli_Elin_MaudHeinesen-768x607.jpg 768w, https:\/\/heinesen.fo\/wp-content\/uploads\/2023\/09\/1964_JensPauli_Elin_MaudHeinesen-1536x1213.jpg 1536w, https:\/\/heinesen.fo\/wp-content\/uploads\/2023\/09\/1964_JensPauli_Elin_MaudHeinesen-2048x1617.jpg 2048w, https:\/\/heinesen.fo\/wp-content\/uploads\/2023\/09\/1964_JensPauli_Elin_MaudHeinesen-1300x1027.jpg 1300w\" sizes=\"auto, (max-width: 1024px) 100vw, 1024px\" \/><\/p>\n<p>\u00cd 1969, t\u00e1 hon var 11 \u00e1ra gomul, var aftur ein samr\u00f8\u00f0a vi\u00f0 Elina \u00ed eini barnasending um, t\u00e1 hon b\u00fa\u00f0i eitt \u00e1r \u00ed Fuengirola \u00ed Su\u00f0urspania saman vi\u00f0 foreldrunum, gekk \u00ed sponskum f\u00f3lkask\u00fala og livdi l\u00edv s\u00edtt millum Andalusarnar. Hesafer\u00f0 sang hon spanska tj\u00f3\u00f0sangin og ein spanskan barnasang, sum flestu sponsk b\u00f8rn kenna. Eisini hendan uppt\u00f8kan er burturblivin.<\/p>\n<p><em>Her er Elin \u00ed sk\u00falagar\u00f0inum \u00ed spanska sk\u00falanum, honn gekk \u00ed, har b\u00f8rnini st\u00f3\u00f0u \u00ed r\u00f8\u00f0um og sungu spanska tj\u00f3\u00f0sangin hv\u00f8nn morgun, \u00e1\u00f0renn tey f\u00f3ru inn til undirv\u00edsing:<\/em><\/p>\n<p style=\"text-align: center;\"><img loading=\"lazy\" decoding=\"async\" class=\"alignnone size-large wp-image-1341\" src=\"https:\/\/heinesen.fo\/wp-content\/uploads\/2023\/09\/1968f_JPH_Elin_i_skulagardinum_i_Fuengirola-1024x711.jpg\" alt=\"\" width=\"1024\" height=\"711\" srcset=\"https:\/\/heinesen.fo\/wp-content\/uploads\/2023\/09\/1968f_JPH_Elin_i_skulagardinum_i_Fuengirola-1024x711.jpg 1024w, https:\/\/heinesen.fo\/wp-content\/uploads\/2023\/09\/1968f_JPH_Elin_i_skulagardinum_i_Fuengirola-300x208.jpg 300w, https:\/\/heinesen.fo\/wp-content\/uploads\/2023\/09\/1968f_JPH_Elin_i_skulagardinum_i_Fuengirola-768x533.jpg 768w, https:\/\/heinesen.fo\/wp-content\/uploads\/2023\/09\/1968f_JPH_Elin_i_skulagardinum_i_Fuengirola-1300x902.jpg 1300w, https:\/\/heinesen.fo\/wp-content\/uploads\/2023\/09\/1968f_JPH_Elin_i_skulagardinum_i_Fuengirola.jpg 1367w\" sizes=\"auto, (max-width: 1024px) 100vw, 1024px\" \/><\/p>\n<p><em>Her er teksturin til barnasangin, sum hon sang \u00ed \u00datvarpi F\u00f8roya \u00ed 1969:<\/em><\/p>\n<h4>El Barquito Chiquitito<\/h4>\n<p>Hab\u00eda una vez<br \/>\nun barquito chicqutito<br \/>\nHab\u00eda una vez<br \/>\nun barquito chiquitio<br \/>\nque no sab\u00eda<br \/>\nque no sab\u00eda<br \/>\nque no sab\u00eda<br \/>\nnavegar<\/p>\n<p>Pasaron un, dos tr\u00e9s<br \/>\nquatro, cinco, seis semanas<br \/>\nPasaron un, dos tr\u00e9s<br \/>\nquatro, cinco, seis semanas<br \/>\ny aquel barquito<br \/>\ny aquel barquito<br \/>\ny aquel barquito<br \/>\nnaveg\u00f3<\/p>\n<p>Y si esta historia,<br \/>\nparece corta,<br \/>\nvolveremos,<br \/>\nvolveremos,<br \/>\na empezar<\/p>\n<p>Hab\u00eda una vez<br \/>\nun barquito chiquitito,<br \/>\nhab\u00eda una vez<br \/>\nun barquito chiquitito<br \/>\nque no sabia<br \/>\nque no sab\u00eda<br \/>\nque no sab\u00eda, navegar&#8230;..<br \/>\netc<\/p>\n<hr \/>\n<p>V\u00ed\u00f0ari til: <a href=\"https:\/\/heinesen.fo\/index.php\/tonleikayrkisleid\/1970-1980\/\">1970-1980<\/a><\/p>\n","protected":false},"excerpt":{"rendered":"<p>T\u00d3NLEIKAUMHV\u00d8RVI Foreldrini hj\u00e1 Elini d\u00e1mdu sera v\u00e6l klassiskan t\u00f3nleik eins v\u00e6l og svenskan f\u00f3lkat\u00f3nleik vi\u00f0 til d\u00f8mis Evert Taube og Sven Bertil Taube. Abbi Elina var kirkjusangari alt l\u00edvi\u00f0 og onnur \u00ed familjuni sungu eisini \u00ed k\u00f3ri. Morbr\u00f3\u00f0ir hennara Svenn Brimheim var ein kendur gittaristur. T\u00f3nleikurin \u00ed familjuni var sera n\u00f3gv partur av dagliga l\u00edvinum&hellip;<\/p>\n","protected":false},"author":1,"featured_media":1482,"parent":1907,"menu_order":1,"comment_status":"closed","ping_status":"closed","template":"","meta":{"footnotes":""},"class_list":["post-1911","page","type-page","status-publish","format-standard","has-post-thumbnail","hentry"],"_links":{"self":[{"href":"https:\/\/heinesen.fo\/index.php\/wp-json\/wp\/v2\/pages\/1911","targetHints":{"allow":["GET"]}}],"collection":[{"href":"https:\/\/heinesen.fo\/index.php\/wp-json\/wp\/v2\/pages"}],"about":[{"href":"https:\/\/heinesen.fo\/index.php\/wp-json\/wp\/v2\/types\/page"}],"author":[{"embeddable":true,"href":"https:\/\/heinesen.fo\/index.php\/wp-json\/wp\/v2\/users\/1"}],"replies":[{"embeddable":true,"href":"https:\/\/heinesen.fo\/index.php\/wp-json\/wp\/v2\/comments?post=1911"}],"version-history":[{"count":5,"href":"https:\/\/heinesen.fo\/index.php\/wp-json\/wp\/v2\/pages\/1911\/revisions"}],"predecessor-version":[{"id":3571,"href":"https:\/\/heinesen.fo\/index.php\/wp-json\/wp\/v2\/pages\/1911\/revisions\/3571"}],"up":[{"embeddable":true,"href":"https:\/\/heinesen.fo\/index.php\/wp-json\/wp\/v2\/pages\/1907"}],"wp:featuredmedia":[{"embeddable":true,"href":"https:\/\/heinesen.fo\/index.php\/wp-json\/wp\/v2\/media\/1482"}],"wp:attachment":[{"href":"https:\/\/heinesen.fo\/index.php\/wp-json\/wp\/v2\/media?parent=1911"}],"curies":[{"name":"wp","href":"https:\/\/api.w.org\/{rel}","templated":true}]}}

<h3>TÓNLEIKAUMHVØRVI</h3>
<p>Foreldrini hjá Elini dámdu sera væl klassiskan tónleik eins væl og svenskan fólkatónleik við til dømis Evert Taube og Sven Bertil Taube. Abbi Elina var kirkjusangari alt lívið og onnur í familjuni sungu eisini í kóri. Morbróðir hennara Svenn Brimheim var ein kendur gittaristur. Tónleikurin í familjuni var sera nógv partur av dagliga lívinum hjá Elini gjøgnum allan barndómin og hevur sjálvsagt ávirkað hana nógv.</p>
<p><em>Her er Elin sum 4 ára gomul, har hon syngur saman við morbróðuri sínum, Svenn Brimheim, mammu hennara Maud Heinesen, pápa hennara Jens Paula Heinesen, og abbasystir hennara Onnu Arnesen:</em></p>
<p style="text-align: center;"><img loading="lazy" decoding="async" class="alignnone wp-image-137 size-full" src="https://heinesen.fo/wp-content/uploads/2023/08/heinesen.fo_.jpeg" alt="" width="600" height="415" srcset="https://heinesen.fo/wp-content/uploads/2023/08/heinesen.fo_.jpeg 600w, https://heinesen.fo/wp-content/uploads/2023/08/heinesen.fo_-300x208.jpeg 300w" sizes="auto, (max-width: 600px) 100vw, 600px" /></p>
<p>Men eisini tann sera livandi sangsiðvenjan í Føroyum, har Elin vaks upp, hevur ávirkað hana. Føroyingar elska at hava veitslu og syngja saman. Hvør lítil bygd hevur sítt egna kór ella hornorkestur. Og Tórshavn hevur sítt egna symfoniorkestur, sum er eitt rættiliga stórt avrik fyri ein so lítlan bý við bara umleið 20.000 íbúgvum.</p>
<h3>Í EINI SENDING FYRI BØRN</h3>
<p>Fyrstu ferð almenningurin nakrantíð hoyrdi Elina syngja, var tá hon bara var 6 ára gomul. Hon sang ein føroyskan barnasang – &#8220;Nú fiskur er á grunninum&#8221; eftir Hans Andrias Djurhuus – í eini barnasending í Útvarpi Føroya. Tíverri er upptøkan burturblivin.</p>
<p><em>Her er Elin sum seks ára gomul við foreldrunum Jens Paula og Maud Heinesen í føroyskum klæðum:</em></p>
<p style="text-align: center;"><img loading="lazy" decoding="async" class="alignnone size-large wp-image-1338" src="https://heinesen.fo/wp-content/uploads/2023/09/1964_JensPauli_Elin_MaudHeinesen-1024x809.jpg" alt="" width="1024" height="809" srcset="https://heinesen.fo/wp-content/uploads/2023/09/1964_JensPauli_Elin_MaudHeinesen-1024x809.jpg 1024w, https://heinesen.fo/wp-content/uploads/2023/09/1964_JensPauli_Elin_MaudHeinesen-300x237.jpg 300w, https://heinesen.fo/wp-content/uploads/2023/09/1964_JensPauli_Elin_MaudHeinesen-768x607.jpg 768w, https://heinesen.fo/wp-content/uploads/2023/09/1964_JensPauli_Elin_MaudHeinesen-1536x1213.jpg 1536w, https://heinesen.fo/wp-content/uploads/2023/09/1964_JensPauli_Elin_MaudHeinesen-2048x1617.jpg 2048w, https://heinesen.fo/wp-content/uploads/2023/09/1964_JensPauli_Elin_MaudHeinesen-1300x1027.jpg 1300w" sizes="auto, (max-width: 1024px) 100vw, 1024px" /></p>
<p>Í 1969, tá hon var 11 ára gomul, var aftur ein samrøða við Elina í eini barnasending um, tá hon búði eitt ár í Fuengirola í Suðurspania saman við foreldrunum, gekk í sponskum fólkaskúla og livdi lív sítt millum Andalusarnar. Hesaferð sang hon spanska tjóðsangin og ein spanskan barnasang, sum flestu sponsk børn kenna. Eisini hendan upptøkan er burturblivin.</p>
<p><em>Her er Elin í skúlagarðinum í spanska skúlanum, honn gekk í, har børnini stóðu í røðum og sungu spanska tjóðsangin hvønn morgun, áðrenn tey fóru inn til undirvísing:</em></p>
<p style="text-align: center;"><img loading="lazy" decoding="async" class="alignnone size-large wp-image-1341" src="https://heinesen.fo/wp-content/uploads/2023/09/1968f_JPH_Elin_i_skulagardinum_i_Fuengirola-1024x711.jpg" alt="" width="1024" height="711" srcset="https://heinesen.fo/wp-content/uploads/2023/09/1968f_JPH_Elin_i_skulagardinum_i_Fuengirola-1024x711.jpg 1024w, https://heinesen.fo/wp-content/uploads/2023/09/1968f_JPH_Elin_i_skulagardinum_i_Fuengirola-300x208.jpg 300w, https://heinesen.fo/wp-content/uploads/2023/09/1968f_JPH_Elin_i_skulagardinum_i_Fuengirola-768x533.jpg 768w, https://heinesen.fo/wp-content/uploads/2023/09/1968f_JPH_Elin_i_skulagardinum_i_Fuengirola-1300x902.jpg 1300w, https://heinesen.fo/wp-content/uploads/2023/09/1968f_JPH_Elin_i_skulagardinum_i_Fuengirola.jpg 1367w" sizes="auto, (max-width: 1024px) 100vw, 1024px" /></p>
<p><em>Her er teksturin til barnasangin, sum hon sang í Útvarpi Føroya í 1969:</em></p>
<h4>El Barquito Chiquitito</h4>
<p>Había una vez<br />
un barquito chicqutito<br />
Había una vez<br />
un barquito chiquitio<br />
que no sabía<br />
que no sabía<br />
que no sabía<br />
navegar</p>
<p>Pasaron un, dos trés<br />
quatro, cinco, seis semanas<br />
Pasaron un, dos trés<br />
quatro, cinco, seis semanas<br />
y aquel barquito<br />
y aquel barquito<br />
y aquel barquito<br />
navegó</p>
<p>Y si esta historia,<br />
parece corta,<br />
volveremos,<br />
volveremos,<br />
a empezar</p>
<p>Había una vez<br />
un barquito chiquitito,<br />
había una vez<br />
un barquito chiquitito<br />
que no sabia<br />
que no sabía<br />
que no sabía, navegar&#8230;..<br />
etc</p>
<hr />
<p>Víðari til: <a href="https://heinesen.fo/index.php/tonleikayrkisleid/1970-1980/">1970-1980</a></p>

<p>TÓNLEIKAUMHVØRVI Foreldrini hjá Elini dámdu sera væl klassiskan tónleik eins væl og svenskan fólkatónleik við til dømis Evert Taube og Sven Bertil Taube. Abbi Elina var kirkjusangari alt lívið og onnur í familjuni sungu eisini í kóri. Morbróðir hennara Svenn Brimheim var ein kendur gittaristur. Tónleikurin í familjuni var sera nógv partur av dagliga lívinum&hellip;</p>
