{"id":1915,"date":"2023-08-31T10:59:16","date_gmt":"2023-08-31T09:59:16","guid":{"rendered":"https:\/\/heinesen.fo\/index.php\/biography\/1980-1990\/"},"modified":"2025-05-12T11:12:09","modified_gmt":"2025-05-12T10:12:09","slug":"1980-1990","status":"publish","type":"page","link":"https:\/\/heinesen.fo\/index.php\/tonleikayrkisleid\/1980-1990\/","title":{"rendered":"1980 &#8211; 1990"},"content":{"rendered":"<h3>SANGLEIKURIN: &#8220;SEYMISTOVAN&#8221;<\/h3>\n<p>T\u00ed\u00f0liga \u00ed \u00e1ttati\u00e1runum sp\u00e6ldi Elin vi\u00f0 og sang \u00ed sangleikinum &#8220;Seymistovan&#8221;, sum var\u00f0 framf\u00f8rdur fyri fullum h\u00fasum meira enn fj\u00f8ruti fer\u00f0ir.<\/p>\n<p><em>Her eru allir sj\u00f3nleikararnir \u00e1 pallinum \u00ed Sj\u00f3nleikarh\u00fasinum:<\/em><\/p>\n<p style=\"text-align: center;\"><img loading=\"lazy\" decoding=\"async\" class=\"alignnone size-full wp-image-159\" src=\"https:\/\/heinesen.fo\/wp-content\/uploads\/2023\/08\/Seymistovan_crew-1024x781-1.jpg\" alt=\"\" width=\"1024\" height=\"781\" srcset=\"https:\/\/heinesen.fo\/wp-content\/uploads\/2023\/08\/Seymistovan_crew-1024x781-1.jpg 1024w, https:\/\/heinesen.fo\/wp-content\/uploads\/2023\/08\/Seymistovan_crew-1024x781-1-300x229.jpg 300w, https:\/\/heinesen.fo\/wp-content\/uploads\/2023\/08\/Seymistovan_crew-1024x781-1-768x586.jpg 768w\" sizes=\"auto, (max-width: 1024px) 100vw, 1024px\" \/><\/p>\n<h3>T\u00d3NLEIKAVIRKSEMI \u00cd \u00c5RHUS \u00cd \u00c1TTATI\u00c1RUNUM<\/h3>\n<p>Mitt \u00ed \u00e1ttati\u00e1runum var hon \u00ed \u00c5rhus \u00ed Danmark \u2013 eitt stutt t\u00ed\u00f0arskei\u00f0 sang og sp\u00e6ldi hon lj\u00f3mbor\u00f0 \u00ed einum rokkb\u00f3lki saman vi\u00f0 br\u00f8\u00f0runum Kaj &amp; Karl Anton Klein a.o. og lutt\u00f3k \u00e1 uppt\u00f8kum, \u00fatgivin \u00e1 kassettubandi (MC) vi\u00f0 teimum.<\/p>\n<p><em>Her er ein mynd fr\u00e1 eini veitslu \u00ed \u00c5rhus \u2013 fyrst ein vi\u00f0 Kaj Klein \u00e1 gittar og J\u00e1kup Thomsen \u00e1 lj\u00f3mbor\u00f0i, og tann n\u00e6sta er vi\u00f0 Karl Anton Klein \u00e1 gittar, Emil ? \u00e1 bass og Edvard Nyholm Debess \u00e1 trummum, in 1983:<\/em><\/p>\n<p style=\"text-align: center;\"><img loading=\"lazy\" decoding=\"async\" class=\"alignnone size-large wp-image-139\" src=\"https:\/\/heinesen.fo\/wp-content\/uploads\/2023\/08\/KajKlein_JakupThomsen_1984-696x1024.jpg\" alt=\"\" width=\"696\" height=\"1024\" srcset=\"https:\/\/heinesen.fo\/wp-content\/uploads\/2023\/08\/KajKlein_JakupThomsen_1984-696x1024.jpg 696w, https:\/\/heinesen.fo\/wp-content\/uploads\/2023\/08\/KajKlein_JakupThomsen_1984-204x300.jpg 204w, https:\/\/heinesen.fo\/wp-content\/uploads\/2023\/08\/KajKlein_JakupThomsen_1984-768x1130.jpg 768w, https:\/\/heinesen.fo\/wp-content\/uploads\/2023\/08\/KajKlein_JakupThomsen_1984.jpg 1026w\" sizes=\"auto, (max-width: 696px) 100vw, 696px\" \/><\/p>\n<p style=\"text-align: center;\"><img loading=\"lazy\" decoding=\"async\" class=\"alignnone size-full wp-image-141\" src=\"https:\/\/heinesen.fo\/wp-content\/uploads\/2023\/08\/KarlAntonKlein_EdvardDebess_1984-1024x686-1.jpg\" alt=\"\" width=\"1024\" height=\"686\" srcset=\"https:\/\/heinesen.fo\/wp-content\/uploads\/2023\/08\/KarlAntonKlein_EdvardDebess_1984-1024x686-1.jpg 1024w, https:\/\/heinesen.fo\/wp-content\/uploads\/2023\/08\/KarlAntonKlein_EdvardDebess_1984-1024x686-1-300x201.jpg 300w, https:\/\/heinesen.fo\/wp-content\/uploads\/2023\/08\/KarlAntonKlein_EdvardDebess_1984-1024x686-1-768x515.jpg 768w\" sizes=\"auto, (max-width: 1024px) 100vw, 1024px\" \/><\/p>\n<p>Elin var eisini k\u00f3rlei\u00f0ari fyri eitt l\u00edti\u00f0 f\u00f8royskt k\u00f3r \u00ed \u00c5rhus um somu t\u00ed\u00f0 &#8211; umframt fyri eina a capella kvartett eitt stutt t\u00ed\u00f0arskei\u00f0.<\/p>\n<h3>ELIN \u00cdK\u00d8ST TIL FLEIRI \u00daTG\u00c1VUR \u00cd \u00c1TTATI\u00c1RUNUM<\/h3>\n<p>\u00cd \u00e1ttati\u00e1runum t\u00f3k Elin lut sum\u00a0 sangari (m sum k\u00f3r) \u00e1 fleiri t\u00f3nleika\u00fatg\u00e1vum vi\u00f0 ymiskum t\u00f3nlistaf\u00f3lkum. Hon sang k\u00f3r \u00e1 fleiri sangum \u00e1 \u00fatg\u00e1vuni <a href=\"https:\/\/open.spotify.com\/album\/75l3b9dJa4XE4X4a6yO6Yn?si=N7G_nka8TY6eUkqeniHz2Q\" target=\"_blank\" rel=\"noopener\">SKOT hj\u00e1 Kaj Klein<\/a>.<\/p>\n<p>Besta kenda \u00fatg\u00e1van er &#8220;Bl\u00e1tt&#8221; eftir J\u00e1kup Marner Antoniussen, har hon \u2013 millum a\u00f0rar sangir \u2013 sang duett vi\u00f0 J\u00e1kup Marner \u00e1 hittinum hj\u00e1 honum <a href=\"https:\/\/open.spotify.com\/track\/6rgvjJKDrenWYVglS7Bwpb?si=84da59c9d46a450b\" target=\"_blank\" rel=\"noopener\">&#8220;Til allar vinir&#8221;<\/a>.<\/p>\n<p>Ein annar duett sangur gj\u00f8rdist eisini eit hitt \u00ed F\u00f8royum \u2013 &#8220;Meg minnist eina mynd&#8221; eftir Hans Andrias Djurhuus, sum Elin sang saman vi\u00f0 J\u00f3gvan Telling.<\/p>\n<p>Hon sang eisini k\u00f3r \u00e1 sanginum <a href=\"https:\/\/open.spotify.com\/track\/4veLxC71LeSh3I5rlX0n1D?si=6e6aea8f49b44966\" target=\"_blank\" rel=\"noopener\">\u201cL\u00edtli fuglur\u201d by Anfinn T. Hansen<\/a>.<\/p>\n<p>Elin hevur eisini sungi\u00f0 fleiri v\u00e6l umt\u00f3ktar barnasangir \u00ed f\u00f8royskum barna\u00fatvarpi.<\/p>\n<h3>TVEYMANS POPPB\u00d3LKURIN NALJA<\/h3>\n<p>\u00cd 1984 m\u00f8ttust Elin og f\u00f8royska t\u00f3naskaldi\u00f0 og framlei\u00f0arin K\u00e1ri Jacobsen \u00e1 einari veitslu \u00e1 \u00f3lavs\u00f8ku. Elin var 26 \u00e1ra gomul t\u00e1, og K\u00e1ri bara 16! H\u00f3ast t\u00edggju \u00e1r v\u00f3ru \u00e1 muni millum teirra, og tey komu fr\u00e1 sera ymiskum t\u00f3nleikabakgrundum, funnu tey \u00fat av, at kemiin teirra millum var sera g\u00f3\u00f0.<\/p>\n<p><em>Her er ein mynd av Elini &amp; K\u00e1ra fr\u00e1 j\u00fast t\u00ed veitsluni, har tey m\u00f8ttust fyrstu fer\u00f0:<\/em><\/p>\n<p style=\"text-align: center;\"><img loading=\"lazy\" decoding=\"async\" class=\"alignnone size-full wp-image-113\" src=\"https:\/\/heinesen.fo\/wp-content\/uploads\/2023\/08\/Elin_og_Kari_1984.jpg\" alt=\"\" width=\"960\" height=\"641\" srcset=\"https:\/\/heinesen.fo\/wp-content\/uploads\/2023\/08\/Elin_og_Kari_1984.jpg 960w, https:\/\/heinesen.fo\/wp-content\/uploads\/2023\/08\/Elin_og_Kari_1984-300x200.jpg 300w, https:\/\/heinesen.fo\/wp-content\/uploads\/2023\/08\/Elin_og_Kari_1984-768x513.jpg 768w\" sizes=\"auto, (max-width: 960px) 100vw, 960px\" \/><\/p>\n<p>Stutt eftir stovna\u00f0u tey tveymansb\u00f3lkin &#8220;Elin &amp; K\u00e1ri&#8221;, og \u00e1 sumri \u00ed 1988, g\u00f3vu tey \u00fat eina heildar\u00fatg\u00e1vu \u00ed F\u00f8royum \u00e1 kassettubandi, sum tey kalla\u00f0u &#8220;NALJA&#8221;. Tey skriva\u00f0u, t\u00f3nasettu og skipa\u00f0u allan t\u00f3nleikin sj\u00e1lvi, men legendariski f\u00f8royska t\u00f3nleikaframlei\u00f0arin, \u00d3li Poulsen, hj\u00e1lpti teimum at framlei\u00f0a \u00fatg\u00e1vuna. Ta\u00f0 v\u00f3ru 10 l\u00f8g \u00e1 \u00fatg\u00e1vuni. Fimm eftir K\u00e1ri Linderoth Jacobsen og fimm eftir Elina Brimheim Heinesen.<\/p>\n<p>L\u00f8gini \u00e1 popp\u00fatg\u00e1vuni &#8220;NALJA&#8221; v\u00f3ru eitt sindur av einari m\u00f3treakti\u00f3n \u00edm\u00f3ti allari politisku &#8216;korrektheitini&#8217; \u00ed t\u00f3nleiki, sum var sera vanlig t\u00e1 \u00ed t\u00ed\u00f0ini. Elin hevur alt\u00ed\u00f0 hildi\u00f0 fast vi\u00f0 at gera t\u00f3nleik, sum hevur r\u00e6tt \u00ed s\u00e6r sj\u00e1lvum &#8211; og ikki bara sum eitt ambo\u00f0 at selja okkurt anna\u00f0&#8230; anna\u00f0 enn sannar kenslur, um ta\u00f0 so er gle\u00f0i ella sorg.<\/p>\n<p>&#8220;NALJA&#8221; var ein popp\u00fatg\u00e1va, sum \u00e1 mangan h\u00e1tt var ey\u00f0kend fyri \u00e1ttati\u00e1rini vi\u00f0 s\u00ednum Simmons trummulj\u00f3\u00f0u og \u00f8\u00f0rum ey\u00f0kendum lj\u00f3\u00f0um fr\u00e1 t\u00ed t\u00ed\u00f0ini. Ta\u00f0 minti t\u00ed \u00e1 mangan h\u00e1tt um a\u00f0rar popp\u00fatg\u00e1vur fr\u00e1 t\u00ed t\u00ed\u00f0ini. MEN \u00fatg\u00e1van var eisini r\u00e6ttiliga serst\u00f8k \u00e1 ein sera &#8216;f\u00f8royskan&#8217; h\u00e1tt, og gj\u00f8rdist t\u00ed sera v\u00e6l umt\u00f3kt sum j\u00fast ta\u00f0. Sangirnir \u00e1 \u00fatg\u00e1vuni \u2013 sum var\u00f0 endur\u00fatgivin \u00e1 fl\u00f8gu \u00ed 1998 \u2013 ver\u00f0a enn n\u00f3gv sp\u00e6ldir \u00ed f\u00f8royskum \u00fatvarpi.<\/p>\n<p><em>Her er ein mynd av Elin, \u00d3la og K\u00e1ra fr\u00e1 Bl\u00f8ndal studio \u00ed Copenhagen:<\/em><\/p>\n<p style=\"text-align: center;\"><img loading=\"lazy\" decoding=\"async\" class=\"alignnone size-full wp-image-258\" src=\"https:\/\/heinesen.fo\/wp-content\/uploads\/2023\/08\/Elin_og_Kari_og_OliPoulsen_i_BloendalStudio-2.jpg\" alt=\"\" width=\"900\" height=\"620\" srcset=\"https:\/\/heinesen.fo\/wp-content\/uploads\/2023\/08\/Elin_og_Kari_og_OliPoulsen_i_BloendalStudio-2.jpg 900w, https:\/\/heinesen.fo\/wp-content\/uploads\/2023\/08\/Elin_og_Kari_og_OliPoulsen_i_BloendalStudio-2-300x207.jpg 300w, https:\/\/heinesen.fo\/wp-content\/uploads\/2023\/08\/Elin_og_Kari_og_OliPoulsen_i_BloendalStudio-2-768x529.jpg 768w\" sizes=\"auto, (max-width: 900px) 100vw, 900px\" \/><\/p>\n<p style=\"text-align: left;\"><em>NALJA kassettubandsh\u00fasin fr\u00e1 1988:<\/em><\/p>\n<p style=\"text-align: center;\"><img loading=\"lazy\" decoding=\"async\" class=\"alignnone size-full wp-image-336\" src=\"https:\/\/heinesen.fo\/wp-content\/uploads\/2023\/08\/elin-heinesen-and-kari-jacobsen-nalja-Cover-Art.jpg\" alt=\"\" width=\"385\" height=\"600\" srcset=\"https:\/\/heinesen.fo\/wp-content\/uploads\/2023\/08\/elin-heinesen-and-kari-jacobsen-nalja-Cover-Art.jpg 385w, https:\/\/heinesen.fo\/wp-content\/uploads\/2023\/08\/elin-heinesen-and-kari-jacobsen-nalja-Cover-Art-193x300.jpg 193w\" sizes=\"auto, (max-width: 385px) 100vw, 385px\" \/><\/p>\n<p><em>Og her er ein mynd av Elini &amp; K\u00e1ra fr\u00e1 eini myndat\u00f8kur\u00f8\u00f0 vi\u00f0 myndum tiknar \u00ed 1988 \u00edsv. \u00fatg\u00e1vuna av NALJA:<\/em><\/p>\n<p><img loading=\"lazy\" decoding=\"async\" class=\"size-full wp-image-261 aligncenter\" src=\"https:\/\/heinesen.fo\/wp-content\/uploads\/2023\/08\/Elin_og_Kari_plakat-2-1024x817-1.jpg\" alt=\"\" width=\"1024\" height=\"817\" srcset=\"https:\/\/heinesen.fo\/wp-content\/uploads\/2023\/08\/Elin_og_Kari_plakat-2-1024x817-1.jpg 1024w, https:\/\/heinesen.fo\/wp-content\/uploads\/2023\/08\/Elin_og_Kari_plakat-2-1024x817-1-300x239.jpg 300w, https:\/\/heinesen.fo\/wp-content\/uploads\/2023\/08\/Elin_og_Kari_plakat-2-1024x817-1-768x613.jpg 768w\" sizes=\"auto, (max-width: 1024px) 100vw, 1024px\" \/><\/p>\n<hr \/>\n<p>V\u00ed\u00f0ari til <a href=\"https:\/\/heinesen.fo\/index.php\/tonleikayrkisleid\/1990-2000\/\">1990-2000<\/a><\/p>\n","protected":false},"excerpt":{"rendered":"<p>SANGLEIKURIN: &#8220;SEYMISTOVAN&#8221; T\u00ed\u00f0liga \u00ed \u00e1ttati\u00e1runum sp\u00e6ldi Elin vi\u00f0 og sang \u00ed sangleikinum &#8220;Seymistovan&#8221;, sum var\u00f0 framf\u00f8rdur fyri fullum h\u00fasum meira enn fj\u00f8ruti fer\u00f0ir. Her eru allir sj\u00f3nleikararnir \u00e1 pallinum \u00ed Sj\u00f3nleikarh\u00fasinum: T\u00d3NLEIKAVIRKSEMI \u00cd \u00c5RHUS \u00cd \u00c1TTATI\u00c1RUNUM Mitt \u00ed \u00e1ttati\u00e1runum var hon \u00ed \u00c5rhus \u00ed Danmark \u2013 eitt stutt t\u00ed\u00f0arskei\u00f0 sang og sp\u00e6ldi hon lj\u00f3mbor\u00f0 \u00ed&hellip;<\/p>\n","protected":false},"author":1,"featured_media":1482,"parent":1907,"menu_order":3,"comment_status":"closed","ping_status":"closed","template":"","meta":{"footnotes":""},"class_list":["post-1915","page","type-page","status-publish","format-standard","has-post-thumbnail","hentry"],"_links":{"self":[{"href":"https:\/\/heinesen.fo\/index.php\/wp-json\/wp\/v2\/pages\/1915","targetHints":{"allow":["GET"]}}],"collection":[{"href":"https:\/\/heinesen.fo\/index.php\/wp-json\/wp\/v2\/pages"}],"about":[{"href":"https:\/\/heinesen.fo\/index.php\/wp-json\/wp\/v2\/types\/page"}],"author":[{"embeddable":true,"href":"https:\/\/heinesen.fo\/index.php\/wp-json\/wp\/v2\/users\/1"}],"replies":[{"embeddable":true,"href":"https:\/\/heinesen.fo\/index.php\/wp-json\/wp\/v2\/comments?post=1915"}],"version-history":[{"count":4,"href":"https:\/\/heinesen.fo\/index.php\/wp-json\/wp\/v2\/pages\/1915\/revisions"}],"predecessor-version":[{"id":4107,"href":"https:\/\/heinesen.fo\/index.php\/wp-json\/wp\/v2\/pages\/1915\/revisions\/4107"}],"up":[{"embeddable":true,"href":"https:\/\/heinesen.fo\/index.php\/wp-json\/wp\/v2\/pages\/1907"}],"wp:featuredmedia":[{"embeddable":true,"href":"https:\/\/heinesen.fo\/index.php\/wp-json\/wp\/v2\/media\/1482"}],"wp:attachment":[{"href":"https:\/\/heinesen.fo\/index.php\/wp-json\/wp\/v2\/media?parent=1915"}],"curies":[{"name":"wp","href":"https:\/\/api.w.org\/{rel}","templated":true}]}}